Suppose 15 = c + w, 3*w + 0*w + 15 = c. What are the prime factors of c?
3, 5
Suppose -20 - 92 = -4*u. List the prime factors of u.
2, 7
Let p = 108 + -47. What are the prime factors of p?
61
Suppose -5*q + 3*j = -25, -4*j - 8 = 2*q + 8. Suppose 0*i + 6 = -i - 5*k, 0 = 3*i + q*k + 18. List the prime factors of -1*(-16 - (i + 3)).
13
Let y be 0 + 2 - 15/3. List the prime factors of 6/9 - 13/y.
5
Suppose -5*y + 85 = b, 2*y + 4*b - 36 = y. What are the prime factors of y?
2
Suppose 6*j = 3*j + 129. What are the prime factors of j?
43
Let h(w) = -3*w - 1. Let d(q) = -5*q - 2. Let k(l) = -4*d(l) + 7*h(l). What are the prime factors of k(-6)?
7
List the prime factors of (6/9)/((-8)/(-948)).
79
Let l be 1/(3/45*3). Suppose 3*q = -3*t + 9, 6 = 5*q + t - l. Suppose -3 = a - q*s, 0 = -a - s - 3*s + 15. What are the prime factors of a?
3
Let h(x) be the third derivative of x**5/60 - x**4/8 + 3*x**2. What are the prime factors of h(5)?
2, 5
Let l(t) = -3*t - 8 - 5 + 9. List the prime factors of l(-10).
2, 13
Let z = -9 + 17. Let q be (-104)/(-3) - z/12. Suppose 3*b + 31 = 4*r - 2*b, -4*r = -2*b - q. List the prime factors of r.
3
Suppose 0*k + 6 = k. Let m be (-1 + (-5)/(-3))*k. Suppose 5*p + 14 = m*x + 49, 3*p = 3*x + 21. What are the prime factors of p?
7
Let l = 113 - 75. List the prime factors of l.
2, 19
Let i(d) = -d**3 - 8*d**2 - 5*d - 8. Let n be i(-7). Let c(x) = -x**2 + 3*x - 5. Let b be c(5). Let h = b - n. What are the prime factors of h?
7
Suppose 0 = 2*p + 4 - 20. List the prime factors of p.
2
Suppose 2*t = -2 + 6. Let m(f) = -2*f + 2 + 2*f - 5*f**3 + 6*f**3 + f**2. What are the prime factors of m(t)?
2, 7
Suppose 6 = s + 1. Suppose -s*a = -193 + 53. List the prime factors of a.
2, 7
Let y(c) = c**3 - 5*c**2 + 4*c + 4. Let t be y(4). Suppose 10 + 6 = t*w. Suppose -30 = -w*p + 10. List the prime factors of p.
2, 5
Suppose 0 = 3*n - 5*n - 3*u - 5, -1 = u. Let r = -1 - n. Suppose r = -4*c - 0*c + 68. List the prime factors of c.
17
Let r = 70 + 56. List the prime factors of r.
2, 3, 7
Suppose -5*b + 0*i = -3*i, -25 = -5*b - 2*i. Suppose 1 = -4*k - 15, b*v + 3*k - 27 = 0. Let o = 1 + v. List the prime factors of o.
2, 7
Suppose -5*r + 0*r = -255. What are the prime factors of r?
3, 17
Suppose 0 = -4*a - 3*k - 14, 0*a - a - 8 = 3*k. Let n(y) = 2*y**2 + y - 2. Let p be n(a). Let q(g) = 4*g - 5. What are the prime factors of q(p)?
11
Let c be 3/(1/(-4) + 1). Suppose -2*a + 3*p + 15 = 5, 0 = -c*a - p + 48. Suppose -q - 5*u = a, -24 = -4*q + 4*u - 7*u. List the prime factors of q.
3
Suppose 0 = -5*d + m + 10, 0 = -d - 0*d + m - 2. Suppose 2*z - 5*l + d = -2, 0 = -z - l - 6. What are the prime factors of 33/2 - z/10?
17
Let n(b) be the first derivative of -2*b**2 - 6*b - 1. List the prime factors of n(-4).
2, 5
Let x = 19 + 0. Suppose -21 - x = -4*z. List the prime factors of z.
2, 5
Suppose 3 = o + 3*h, o - h = -6*h + 3. Suppose 4*a - 7 - 5 = 0. Suppose -s = -a - o. List the prime factors of s.
2, 3
Let c(s) = 7*s**3 - 2*s**2 + s. Let w be c(-2). Let m = 98 + w. List the prime factors of m.
2
Let n(j) = j**2 - 5*j + 6. Let d = 41 - 28. Let v = d + -7. List the prime factors of n(v).
2, 3
Suppose 0 = -0*d + 2*d + 8, 2*d = t - 6. What are the prime factors of t/(-1)*15/2?
3, 5
Let l be 23 + (0 - (0 - -1)). Let c be -6*((1 - -1) + l). List the prime factors of c/(-10) + 8/(-20).
2, 7
Let q be 1/(-4) - (-3)/12. Suppose u + q + 3 = 0. What are the prime factors of (4/u)/((-3)/9)?
2
Let s be (-50)/4*8/(-5). Suppose -s = t - 4*k, -4*t - 7*k = -3*k. List the prime factors of ((-3)/(-2))/((-1)/t).
2, 3
Let l(m) = m**2 - 9*m - 24. List the prime factors of l(14).
2, 23
Suppose 2*j + 3*z - 42 = 0, 0 = -5*z - 0*z + 20. List the prime factors of j.
3, 5
Let x = 48 - -1. What are the prime factors of x?
7
Let f(d) = 5*d**3 - 3*d**2. Let j = -6 - -8. What are the prime factors of f(j)?
2, 7
List the prime factors of 9 + -11 + 1 + 11.
2, 5
Let r = 143 + -73. What are the prime factors of r?
2, 5, 7
Suppose -4*n - 116 = -2*k, -3*k - 3*n = 1 - 166. What are the prime factors of k?
2, 7
Let u = 14 + -22. What are the prime factors of (-1 + u)/((-5)/20)?
2, 3
Let q be 8/24*1*-3. What are the prime factors of q - (2 - 2) - -15?
2, 7
Let r = -4 + -2. Let p(z) = z**3 + 7*z**2 - 3*z - 14. List the prime factors of p(r).
2, 5
Let t be 3 + 0 - (-4 + 11). List the prime factors of (t - -5)/((-2)/(-8)).
2
Suppose f - 4 = 1. Let q(i) = i - 1. List the prime factors of q(f).
2
Suppose 2*q - 19 = 11. Let f be -2*(q/(-6) + -1). Suppose 5*x - 55 = -5*m, -2*x - 23 = -f*x + 3*m. List the prime factors of x.
7
Let k(r) = 4*r - 16 - 6*r**2 - 3*r**2 + r**3 - r**2 + 6. What are the prime factors of k(10)?
2, 3, 5
Let n(y) = 9*y**3 - 3*y**2 + 4*y - 3. Let v be n(2). Let h = -23 + v. Suppose 4*x = -g + h, 4 = x + g - 4*g. What are the prime factors of x?
2, 5
Suppose -3*j = -3*w, -5*w + 4*j + 4 = j. Suppose -58 = -2*x + t + t, 77 = 3*x + w*t. List the prime factors of x.
3
Suppose -7*d = 3*d - 1110. List the prime factors of d.
3, 37
Suppose 0 = 2*v + 4*r - 107 - 47, -r - 281 = -4*v. What are the prime factors of v?
71
What are the prime factors of 103 + -4 + (-15)/(-5)?
2, 3, 17
Suppose 0 = -3*x + 62 - 14. Suppose 0 = -4*l + 5*s + 16, 5*s - 2*s + x = -4*l. What are the prime factors of l/(2*(-3)/72)?
2, 3
Let d(m) = 6*m**2 + 2*m - 1. Let b = -11 + 8. Let h be (-1 - 6/(-9))*b. What are the prime factors of d(h)?
7
Let r(d) = 9*d - 14. What are the prime factors of r(13)?
103
Let r(m) = 2*m**3 + 2*m**2 + 5*m. Let q be r(-4). Let h = q - -36. What are the prime factors of ((-6)/(-5))/((-12)/h)?
2
Suppose -o + 1 = -2*o. What are the prime factors of ((-24)/3)/(o - 0)?
2
Suppose -3*x + 2*x + g - 29 = 0, 5*x - g = -129. Let w = x - -37. Suppose w = 2*n - 0*n. List the prime factors of n.
2, 3
Let n = 7 + -5. Suppose -n = -2*l + 4. Suppose -32 = -l*w - 5*q + 42, -q = 3*w - 58. List the prime factors of w.
2, 3
Let m = 31 - 18. List the prime factors of m.
13
Let a be 32 + (4/2 - 0). Let h = a + -21. What are the prime factors of h?
13
Let u = 146 - 83. List the prime factors of u.
3, 7
Let k be (-6 + 3)*2/(-3). Suppose -k*n + 24 = 2*n. Let r = n - -6. List the prime factors of r.
2, 3
Let m = -7 + 0. Let l(g) = -g**2 - 6*g - 2. Let d(h) = -h - 1. Let a(s) = 3*d(s) + l(s). What are the prime factors of a(m)?
3
Suppose -4*o - 40 = o. Let t(g) = -5*g**2 - 4 + 1 - 10*g + 0 + 4*g**2. List the prime factors of t(o).
13
List the prime factors of (38/(-4))/(5/(-10)).
19
Suppose -2*g + z + 8 = 0, -6*g - 2*z = -5*g - 9. Suppose 3*o - 59 = -5*j, -2*j - 3*j - g*o + 55 = 0. Let y = -4 + j. List the prime factors of y.
3
Let f(k) = 19*k**3 + k**2 - k. Let m be f(1). Let n = m - -1. What are the prime factors of n?
2, 5
List the prime factors of (-2 - 0)/(8/(-140)).
5, 7
Let j = 4 - 0. Suppose j*g - 8 = -0*g. List the prime factors of g.
2
Suppose 0 = 4*w + 3*t - 26, -w - 3*w + 34 = -t. What are the prime factors of w?
2
Suppose -256 = 16*b - 20*b. What are the prime factors of b?
2
Let x(w) = 12*w**3 - 1. List the prime factors of x(1).
11
Suppose 45 = a + 4*a. Let o = -7 + a. Suppose o*b - 7*b = m - 25, -b = -m + 13. List the prime factors of m.
3, 5
Suppose -4*k - 54 = -z, -3*z + 66 = 3*k - 81. Let l = -32 + z. What are the prime factors of l?
2, 3
Let j = 28 + -8. Let n be (-20)/(-6)*36/j. Suppose 4*z = 5*d, 5*z = -5*d + n + 39. List the prime factors of d.
2
Suppose -6*u = -3*r - u + 114, -174 = -5*r + 3*u. Suppose 99 = 3*i + r. What are the prime factors of i?
2, 11
Suppose -74 = 2*t - 0*t. Let a = 2 - t. List the prime factors of a.
3, 13
Suppose -8*d + 168 = -5*d. List the prime factors of d.
2, 7
Let n be (-2 + -2 - -2)*-2. List the prime factors of (-340)/(-25) - n/(-10).
2, 7
What are the prime factors of (-8)/(-12)*108/8?
3
Suppose -4*u = -19 - 5. What are the prime factors of u?
2, 3
Let a(t) = -t**2 + 15*t - 11. Let c be a(14). Suppose -129 = -3*u + c. List the prime factors of u.
2, 11
Let t = -11 + -8. Let q = -16 - t. What are the prime factors of q?
3
Let m(y) = 25*y - 16. List the prime factors of m(11).
7, 37
Suppose p + 3*p = 0. Let m be 6 + 6/(p - 3). Suppose 2*f - m = 8. What are the prime factors of f?
2, 3
List the prime factors of -1 + 190 + -10 + 13.
2, 3
Suppose -3*o + 9 - 3 = 